{"id":324,"date":"2023-01-03T19:46:19","date_gmt":"2023-01-03T18:46:19","guid":{"rendered":"https:\/\/pakkerejseankenaevnet.dk\/erhverv\/?page_id=324"},"modified":"2024-03-08T16:45:49","modified_gmt":"2024-03-08T15:45:49","slug":"persondatapolitik","status":"publish","type":"page","link":"https:\/\/pakkerejseankenaevnet.dk\/erhverv\/om-os\/persondatapolitik\/","title":{"rendered":"Persondatapolitik"},"content":{"rendered":"\n<h2 class=\"wp-block-heading\">Persondatapolitik<\/h2>\n\n\n\n<div style=\"height:41px\" aria-hidden=\"true\" class=\"wp-block-spacer\"><\/div>\n\n\n\n<p class=\"wp-block-paragraph\">I vores persondatapolitik kan du l\u00e6se, hvordan vi behandler dine personoplysninger, og hvilke rettigheder du har i forbindelse med vores indsamling, behandling og opbevaring af dine personoplysninger.<\/p>\n\n\n\n<p class=\"wp-block-paragraph\">Datapolitikken er udarbejdet med henblik p\u00e5 at opfylde vores forpligtelser, som dataansvarlige, for s\u00e5 vidt ang\u00e5r sikring af personoplysninger.<\/p>\n\n\n\n<p class=\"wp-block-paragraph\"><a href=\"https:\/\/pakkerejseankenaevnet.dk\/erhverv\/wp-content\/uploads\/sites\/5\/2024\/03\/Persondatapolitik_APR2020.pdf\" target=\"_blank\" rel=\"noreferrer noopener\">Persondatapolitik \u2013 Download<\/a><\/p>\n\n\n\n<p class=\"wp-block-paragraph\">Har du sp\u00f8rgsm\u00e5l til vores persondatapolitik, er du velkommen til at kontakte os.&nbsp;<\/p>\n","protected":false},"excerpt":{"rendered":"<p>Persondatapolitik I vores persondatapolitik kan du l\u00e6se, hvordan vi behandler dine personoplysninger, og hvilke rettigheder du har i forbindelse med vores indsamling, behandling og opbevaring af dine personoplysninger. Datapolitikken er udarbejdet med henblik p\u00e5 at opfylde vores forpligtelser, som dataansvarlige, for s\u00e5 vidt ang\u00e5r sikring af personoplysninger. Persondatapolitik \u2013 Download Har du sp\u00f8rgsm\u00e5l til vores [&hellip;]<\/p>\n","protected":false},"author":6,"featured_media":0,"parent":2604,"menu_order":0,"comment_status":"closed","ping_status":"closed","template":"","meta":{"_acf_changed":false,"footnotes":""},"class_list":["post-324","page","type-page","status-publish","hentry","clearfix"],"acf":[],"_links":{"self":[{"href":"https:\/\/pakkerejseankenaevnet.dk\/erhverv\/wp-json\/wp\/v2\/pages\/324","targetHints":{"allow":["GET"]}}],"collection":[{"href":"https:\/\/pakkerejseankenaevnet.dk\/erhverv\/wp-json\/wp\/v2\/pages"}],"about":[{"href":"https:\/\/pakkerejseankenaevnet.dk\/erhverv\/wp-json\/wp\/v2\/types\/page"}],"replies":[{"embeddable":true,"href":"https:\/\/pakkerejseankenaevnet.dk\/erhverv\/wp-json\/wp\/v2\/comments?post=324"}],"version-history":[{"count":6,"href":"https:\/\/pakkerejseankenaevnet.dk\/erhverv\/wp-json\/wp\/v2\/pages\/324\/revisions"}],"predecessor-version":[{"id":2872,"href":"https:\/\/pakkerejseankenaevnet.dk\/erhverv\/wp-json\/wp\/v2\/pages\/324\/revisions\/2872"}],"up":[{"embeddable":true,"href":"https:\/\/pakkerejseankenaevnet.dk\/erhverv\/wp-json\/wp\/v2\/pages\/2604"}],"wp:attachment":[{"href":"https:\/\/pakkerejseankenaevnet.dk\/erhverv\/wp-json\/wp\/v2\/media?parent=324"}],"curies":[{"name":"wp","href":"https:\/\/api.w.org\/{rel}","templated":true}]}}

<h2 class="wp-block-heading">Persondatapolitik</h2>



<div style="height:41px" aria-hidden="true" class="wp-block-spacer"></div>



<p class="wp-block-paragraph">I vores persondatapolitik kan du læse, hvordan vi behandler dine personoplysninger, og hvilke rettigheder du har i forbindelse med vores indsamling, behandling og opbevaring af dine personoplysninger.</p>



<p class="wp-block-paragraph">Datapolitikken er udarbejdet med henblik på at opfylde vores forpligtelser, som dataansvarlige, for så vidt angår sikring af personoplysninger.</p>



<p class="wp-block-paragraph"><a href="https://pakkerejseankenaevnet.dk/erhverv/wp-content/uploads/sites/5/2024/03/Persondatapolitik_APR2020.pdf" target="_blank" rel="noreferrer noopener">Persondatapolitik – Download</a></p>



<p class="wp-block-paragraph">Har du spørgsmål til vores persondatapolitik, er du velkommen til at kontakte os.&nbsp;</p>

<p>Persondatapolitik I vores persondatapolitik kan du læse, hvordan vi behandler dine personoplysninger, og hvilke rettigheder du har i forbindelse med vores indsamling, behandling og opbevaring af dine personoplysninger. Datapolitikken er udarbejdet med henblik på at opfylde vores forpligtelser, som dataansvarlige, for så vidt angår sikring af personoplysninger. Persondatapolitik – Download Har du spørgsmål til vores [&hellip;]</p>
