{"id":2913,"date":"2024-06-12T14:26:34","date_gmt":"2024-06-12T12:26:34","guid":{"rendered":"https:\/\/pakkerejseankenaevnet.dk\/erhverv\/?page_id=2913"},"modified":"2025-01-17T09:30:16","modified_gmt":"2025-01-17T08:30:16","slug":"sagsbehandlingsforloeb","status":"publish","type":"page","link":"https:\/\/pakkerejseankenaevnet.dk\/erhverv\/sagsbehandlingsforloeb\/","title":{"rendered":"Sagsbehandlingsforl\u00f8b"},"content":{"rendered":"\n<div class=\"wp-block-cover is-light is-style-header-cover\" style=\"min-height:300px;aspect-ratio:unset;\"><span aria-hidden=\"true\" class=\"wp-block-cover__background has-background-dim\" style=\"background-color:#b09682\"><\/span><img loading=\"lazy\" decoding=\"async\" width=\"2560\" height=\"1707\" class=\"wp-block-cover__image-background wp-image-2900\" alt=\"\" src=\"https:\/\/pakkerejseankenaevnet.dk\/erhverv\/wp-content\/uploads\/sites\/5\/2024\/06\/38-scaled.jpg\" style=\"object-position:48% 49%\" data-object-fit=\"cover\" data-object-position=\"48% 49%\" srcset=\"https:\/\/pakkerejseankenaevnet.dk\/erhverv\/wp-content\/uploads\/sites\/5\/2024\/06\/38-scaled.jpg 2560w, https:\/\/pakkerejseankenaevnet.dk\/erhverv\/wp-content\/uploads\/sites\/5\/2024\/06\/38-300x200.jpg 300w, https:\/\/pakkerejseankenaevnet.dk\/erhverv\/wp-content\/uploads\/sites\/5\/2024\/06\/38-1024x683.jpg 1024w, https:\/\/pakkerejseankenaevnet.dk\/erhverv\/wp-content\/uploads\/sites\/5\/2024\/06\/38-768x512.jpg 768w, https:\/\/pakkerejseankenaevnet.dk\/erhverv\/wp-content\/uploads\/sites\/5\/2024\/06\/38-1536x1024.jpg 1536w, https:\/\/pakkerejseankenaevnet.dk\/erhverv\/wp-content\/uploads\/sites\/5\/2024\/06\/38-2048x1366.jpg 2048w\" sizes=\"auto, (max-width: 2560px) 100vw, 2560px\" \/><div class=\"wp-block-cover__inner-container is-layout-flow wp-block-cover-is-layout-flow\">\n<h1 class=\"wp-block-heading has-large-font-size\" style=\"font-style:normal;font-weight:400\">Sagsbehandlingens forl\u00f8b<\/h1>\n<\/div><\/div>\n\n\n\n<div style=\"height:50px\" aria-hidden=\"true\" class=\"wp-block-spacer\"><\/div>\n\n\n\n<div class=\"wp-block-columns is-layout-flex wp-container-core-columns-is-layout-8f761849 wp-block-columns-is-layout-flex\">\n<div class=\"wp-block-column is-layout-flow wp-block-column-is-layout-flow\" style=\"flex-basis:60%\">\n<figure class=\"wp-block-table is-style-stripes\"><table class=\"has-fixed-layout\"><thead><tr><th class=\"has-text-align-left\" data-align=\"left\"><\/th><th class=\"has-text-align-left\" data-align=\"left\">Info<\/th><\/tr><\/thead><tbody><tr><td class=\"has-text-align-left\" data-align=\"left\"><mark style=\"background-color:rgba(0, 0, 0, 0)\" class=\"has-inline-color has-vivid-cyan-blue-color\"><strong>Modtagelse og orientering<\/strong><\/mark><\/td><td class=\"has-text-align-left\" data-align=\"left\">N\u00e5r vi modtager en klage, vurderer vi om, vi kan behandle den.<br> <br>Kan vi det, orienterer vi rejsearrang\u00f8ren om klagen. <br><br>Herefter har rejsearrang\u00f8ren 14 dage til at v\u00e6lge mellem at indg\u00e5 forlig med klageren eller forts\u00e6tte sagsbehandlingen. <br><br><br><\/td><\/tr><tr><td class=\"has-text-align-left\" data-align=\"left\"><strong><mark style=\"background-color:rgba(0, 0, 0, 0)\" class=\"has-inline-color has-vivid-cyan-blue-color\">Indledende unders\u00f8gelse<\/mark><\/strong><\/td><td class=\"has-text-align-left\" data-align=\"left\">Klageren modtager en bekr\u00e6ftelse p\u00e5 anmeldelsen.<br><br>Vi gennemg\u00e5r klagen og unders\u00f8ger om der mangler oplysninger i sagen. G\u00f8r der det, s\u00e5 indhenter vi de n\u00f8dvendige oplysninger hos klageren.<br><br><br><\/td><\/tr><tr><td class=\"has-text-align-left\" data-align=\"left\"><strong><mark style=\"background-color:rgba(0, 0, 0, 0)\" class=\"has-inline-color has-vivid-cyan-blue-color\">Fortsat behandling<\/mark><\/strong><\/td><td class=\"has-text-align-left\" data-align=\"left\">N\u00e5r vi vurderer, at klagen er fuldt belyst, sender vi klagen til rejsearrang\u00f8ren.<br><br><br><\/td><\/tr><tr><td class=\"has-text-align-left\" data-align=\"left\"><strong><mark style=\"background-color:rgba(0, 0, 0, 0)\" class=\"has-inline-color has-vivid-cyan-blue-color\">Svar og udtalelse<\/mark><\/strong><\/td><td class=\"has-text-align-left\" data-align=\"left\">Rejsearrang\u00f8ren f\u00e5r mulighed for at udtale sig, n\u00e5r de har f\u00e5et forelagt klagen.<br><br>Det er <strong><u>vigtigt<\/u><\/strong>, at rejsearrang\u00f8ren kommer med sine bem\u00e6rkninger, ellers afg\u00f8res sagen p\u00e5 klagerens oplysninger alene.<br><br><br><\/td><\/tr><tr><td class=\"has-text-align-left\" data-align=\"left\"><strong><mark style=\"background-color:rgba(0, 0, 0, 0)\" class=\"has-inline-color has-vivid-cyan-blue-color\">Yderligere u<\/mark><\/strong><mark style=\"background-color: rgba(0, 0, 0, 0);\" class=\"has-inline-color has-vivid-cyan-blue-color\"><b>dtalelse<\/b><\/mark><\/td><td class=\"has-text-align-left\" data-align=\"left\">Rejsearrang\u00f8rens svar sendes til klageren, som har mulighed for at kommentere p\u00e5 den.<br><br>Er der nye oplysninger f\u00e5r rejsearrang\u00f8ren mulighed for at komme med sine kommentarer til dette.<br><br>Er der ikke nye oplysninger sendes sagen til behandling i n\u00e6vnet, hvilket klager og rejsearrang\u00f8r informeres om med en forventning om tid til kendelsen afsiges.<br><br><br><\/td><\/tr><tr><td class=\"has-text-align-left\" data-align=\"left\"><strong><mark style=\"background-color:rgba(0, 0, 0, 0)\" class=\"has-inline-color has-vivid-cyan-blue-color\">Afg\u00f8relse<\/mark><\/strong><\/td><td class=\"has-text-align-left\" data-align=\"left\">Herefter afg\u00f8res sagen af Anken\u00e6vnet.<br><br>Afg\u00f8relsen sendes til rejsearrang\u00f8ren og klageren.<br><br>Parterne informeres om muligheder for klage eller appellere kendelsen.<br><\/td><\/tr><tr><td class=\"has-text-align-left\" data-align=\"left\"><strong><mark style=\"background-color:rgba(0, 0, 0, 0)\" class=\"has-inline-color has-vivid-cyan-blue-color\">Domstolspr\u00f8velse<\/mark><\/strong><\/td><td class=\"has-text-align-left\" data-align=\"left\">N\u00e6vnets afg\u00f8relse kan indbringes for domstolene.<br><br><br><\/td><\/tr><\/tbody><\/table><\/figure>\n<\/div>\n\n\n\n<div class=\"wp-block-column is-layout-flow wp-block-column-is-layout-flow\" style=\"flex-basis:40%\"><\/div>\n<\/div>\n\n\n\n<p class=\"wp-block-paragraph\"><\/p>\n","protected":false},"excerpt":{"rendered":"<p>Info Modtagelse og orientering N\u00e5r vi modtager en klage, vurderer vi om, vi kan behandle den. Kan vi det, orienterer vi rejsearrang\u00f8ren om klagen. Herefter har rejsearrang\u00f8ren 14 dage til at v\u00e6lge mellem at indg\u00e5 forlig med klageren eller forts\u00e6tte sagsbehandlingen. Indledende unders\u00f8gelse Klageren modtager en bekr\u00e6ftelse p\u00e5 anmeldelsen. Vi gennemg\u00e5r klagen og unders\u00f8ger om [&hellip;]<\/p>\n","protected":false},"author":6,"featured_media":0,"parent":0,"menu_order":0,"comment_status":"closed","ping_status":"closed","template":"","meta":{"_acf_changed":false,"footnotes":""},"class_list":["post-2913","page","type-page","status-publish","hentry","clearfix"],"acf":[],"_links":{"self":[{"href":"https:\/\/pakkerejseankenaevnet.dk\/erhverv\/wp-json\/wp\/v2\/pages\/2913","targetHints":{"allow":["GET"]}}],"collection":[{"href":"https:\/\/pakkerejseankenaevnet.dk\/erhverv\/wp-json\/wp\/v2\/pages"}],"about":[{"href":"https:\/\/pakkerejseankenaevnet.dk\/erhverv\/wp-json\/wp\/v2\/types\/page"}],"replies":[{"embeddable":true,"href":"https:\/\/pakkerejseankenaevnet.dk\/erhverv\/wp-json\/wp\/v2\/comments?post=2913"}],"version-history":[{"count":40,"href":"https:\/\/pakkerejseankenaevnet.dk\/erhverv\/wp-json\/wp\/v2\/pages\/2913\/revisions"}],"predecessor-version":[{"id":3112,"href":"https:\/\/pakkerejseankenaevnet.dk\/erhverv\/wp-json\/wp\/v2\/pages\/2913\/revisions\/3112"}],"wp:attachment":[{"href":"https:\/\/pakkerejseankenaevnet.dk\/erhverv\/wp-json\/wp\/v2\/media?parent=2913"}],"curies":[{"name":"wp","href":"https:\/\/api.w.org\/{rel}","templated":true}]}}

Sagsbehandlingsforløb

<div class="wp-block-cover is-light is-style-header-cover" style="min-height:300px;aspect-ratio:unset;"><span aria-hidden="true" class="wp-block-cover__background has-background-dim" style="background-color:#b09682"></span><img loading="lazy" decoding="async" width="2560" height="1707" class="wp-block-cover__image-background wp-image-2900" alt="" src="https://pakkerejseankenaevnet.dk/erhverv/wp-content/uploads/sites/5/2024/06/38-scaled.jpg" style="object-position:48% 49%" data-object-fit="cover" data-object-position="48% 49%" srcset="https://pakkerejseankenaevnet.dk/erhverv/wp-content/uploads/sites/5/2024/06/38-scaled.jpg 2560w, https://pakkerejseankenaevnet.dk/erhverv/wp-content/uploads/sites/5/2024/06/38-300x200.jpg 300w, https://pakkerejseankenaevnet.dk/erhverv/wp-content/uploads/sites/5/2024/06/38-1024x683.jpg 1024w, https://pakkerejseankenaevnet.dk/erhverv/wp-content/uploads/sites/5/2024/06/38-768x512.jpg 768w, https://pakkerejseankenaevnet.dk/erhverv/wp-content/uploads/sites/5/2024/06/38-1536x1024.jpg 1536w, https://pakkerejseankenaevnet.dk/erhverv/wp-content/uploads/sites/5/2024/06/38-2048x1366.jpg 2048w" sizes="auto, (max-width: 2560px) 100vw, 2560px" /><div class="wp-block-cover__inner-container is-layout-flow wp-block-cover-is-layout-flow">
<h1 class="wp-block-heading has-large-font-size" style="font-style:normal;font-weight:400">Sagsbehandlingens forløb</h1>
</div></div>



<div style="height:50px" aria-hidden="true" class="wp-block-spacer"></div>



<div class="wp-block-columns is-layout-flex wp-container-core-columns-is-layout-8f761849 wp-block-columns-is-layout-flex">
<div class="wp-block-column is-layout-flow wp-block-column-is-layout-flow" style="flex-basis:60%">
<figure class="wp-block-table is-style-stripes"><table class="has-fixed-layout"><thead><tr><th class="has-text-align-left" data-align="left"></th><th class="has-text-align-left" data-align="left">Info</th></tr></thead><tbody><tr><td class="has-text-align-left" data-align="left"><mark style="background-color:rgba(0, 0, 0, 0)" class="has-inline-color has-vivid-cyan-blue-color"><strong>Modtagelse og orientering</strong></mark></td><td class="has-text-align-left" data-align="left">Når vi modtager en klage, vurderer vi om, vi kan behandle den.<br> <br>Kan vi det, orienterer vi rejsearrangøren om klagen. <br><br>Herefter har rejsearrangøren 14 dage til at vælge mellem at indgå forlig med klageren eller fortsætte sagsbehandlingen. <br><br><br></td></tr><tr><td class="has-text-align-left" data-align="left"><strong><mark style="background-color:rgba(0, 0, 0, 0)" class="has-inline-color has-vivid-cyan-blue-color">Indledende undersøgelse</mark></strong></td><td class="has-text-align-left" data-align="left">Klageren modtager en bekræftelse på anmeldelsen.<br><br>Vi gennemgår klagen og undersøger om der mangler oplysninger i sagen. Gør der det, så indhenter vi de nødvendige oplysninger hos klageren.<br><br><br></td></tr><tr><td class="has-text-align-left" data-align="left"><strong><mark style="background-color:rgba(0, 0, 0, 0)" class="has-inline-color has-vivid-cyan-blue-color">Fortsat behandling</mark></strong></td><td class="has-text-align-left" data-align="left">Når vi vurderer, at klagen er fuldt belyst, sender vi klagen til rejsearrangøren.<br><br><br></td></tr><tr><td class="has-text-align-left" data-align="left"><strong><mark style="background-color:rgba(0, 0, 0, 0)" class="has-inline-color has-vivid-cyan-blue-color">Svar og udtalelse</mark></strong></td><td class="has-text-align-left" data-align="left">Rejsearrangøren får mulighed for at udtale sig, når de har fået forelagt klagen.<br><br>Det er <strong><u>vigtigt</u></strong>, at rejsearrangøren kommer med sine bemærkninger, ellers afgøres sagen på klagerens oplysninger alene.<br><br><br></td></tr><tr><td class="has-text-align-left" data-align="left"><strong><mark style="background-color:rgba(0, 0, 0, 0)" class="has-inline-color has-vivid-cyan-blue-color">Yderligere u</mark></strong><mark style="background-color: rgba(0, 0, 0, 0);" class="has-inline-color has-vivid-cyan-blue-color"><b>dtalelse</b></mark></td><td class="has-text-align-left" data-align="left">Rejsearrangørens svar sendes til klageren, som har mulighed for at kommentere på den.<br><br>Er der nye oplysninger får rejsearrangøren mulighed for at komme med sine kommentarer til dette.<br><br>Er der ikke nye oplysninger sendes sagen til behandling i nævnet, hvilket klager og rejsearrangør informeres om med en forventning om tid til kendelsen afsiges.<br><br><br></td></tr><tr><td class="has-text-align-left" data-align="left"><strong><mark style="background-color:rgba(0, 0, 0, 0)" class="has-inline-color has-vivid-cyan-blue-color">Afgørelse</mark></strong></td><td class="has-text-align-left" data-align="left">Herefter afgøres sagen af Ankenævnet.<br><br>Afgørelsen sendes til rejsearrangøren og klageren.<br><br>Parterne informeres om muligheder for klage eller appellere kendelsen.<br></td></tr><tr><td class="has-text-align-left" data-align="left"><strong><mark style="background-color:rgba(0, 0, 0, 0)" class="has-inline-color has-vivid-cyan-blue-color">Domstolsprøvelse</mark></strong></td><td class="has-text-align-left" data-align="left">Nævnets afgørelse kan indbringes for domstolene.<br><br><br></td></tr></tbody></table></figure>
</div>



<div class="wp-block-column is-layout-flow wp-block-column-is-layout-flow" style="flex-basis:40%"></div>
</div>



<p class="wp-block-paragraph"></p>

<p>Info Modtagelse og orientering Når vi modtager en klage, vurderer vi om, vi kan behandle den. Kan vi det, orienterer vi rejsearrangøren om klagen. Herefter har rejsearrangøren 14 dage til at vælge mellem at indgå forlig med klageren eller fortsætte sagsbehandlingen. Indledende undersøgelse Klageren modtager en bekræftelse på anmeldelsen. Vi gennemgår klagen og undersøger om [&hellip;]</p>
